5 - -796 - (n + 3) prime?
True
Let b(j) be the second derivative of j**4/12 + j**3/2 + 4201*j**2/2 - 5*j - 4. Is b(0) a prime number?
True
Let n(r) = -r**3 - 13*r**2 - 13*r - 7. Let g be n(-12). Suppose -2701 = -g*w + 1424. Suppose -w - 3500 = -5*l. Is l composite?
True
Let k be (-4)/38 - 2/57*-3. Suppose x - 11 = -4*a, 2*x - 2*a - 2 + 0 = 0. Suppose -x*i + 771 = 3*n + 111, -4*i - 5*n + 883 = k. Is i a composite number?
True
Let l(g) = 336*g**2 - 22*g + 415. Is l(24) a prime number?
True
Let z(u) = 385*u**2 + 61*u + 91. Is z(-12) a composite number?
False
Let o = -198 - -201. Suppose 0 = -o*z + 2057 + 1621. Is z a composite number?
True
Let s(f) = f**3 + 4*f**2 - 6*f + 1. Let i be s(-5). Let d(u) = 474*u + 18. Let a be d(i). Suppose 10*c = -922 + a. Is c a composite number?
True
Suppose -7*j = -2*j - 4*a - 9853, -3*a + 9 = 0. Suppose y - j = 3*q, y - q - 279 = 1694. Is y composite?
False
Suppose 4*y = -5*x - 1, -5*x + 4*y = y - 27. Suppose -473 + 56 = x*p. Let f = p - -302. Is f a composite number?
False
Let b = 7484 + -7484. Let u(w) = -23*w**3 - 6*w**2 + 2*w + 1. Let z be u(-6). Suppose -11*r = -b*r - z. Is r prime?
True
Let h = 194 + 494. Let a = h + -7. Suppose 0 = 4*w + 4*l - 1815 - a, -4*l - 1236 = -2*w. Is w composite?
True
Let r = 51 + -269. Let n = 5271 - r. Is n prime?
False
Suppose 0 = n - 3, 5*f - 826 = f + 2*n. Let u = f + -121. Is u/(-6)*(3 - 7 - 6) a composite number?
True
Suppose -a + 0*a = -1, 0 = -4*h - a + 9. Suppose -s = 5*t + h*s - 14, 4*t + 3*s = 10. Suppose -t*l + 4*o + 0*o = -13464, 0 = -l + 3*o + 3356. Is l composite?
False
Suppose -5*l + 5*d = 30, -7 = 2*l - 0*d - d. Let k be l/5 - 4045/25. Is (-4)/18 - 13806/k a composite number?
True
Suppose 0 - 33 = -11*a. Is a/7 - 14434/(-49) prime?
False
Suppose 0 = -18*h - 3391737 + 11377383. Is h prime?
False
Let u(k) = -3*k + 27. Let r be u(8). Let w(f) = r - 1200*f + 551*f - 831*f - 6. Is w(-1) a prime number?
False
Let q = 65 - 60. Let b be (1614/(-4) - -1)*(-8)/q. Suppose 2*a = 2150 + b. Is a composite?
True
Let h be (45/27)/((-15)/(-162)). Suppose 4*g = 2*j + 207006, -h*g + 3*j - 103483 = -20*g. Is g prime?
True
Suppose 0 = 4*w - 5*w + 4*j + 136167, 4*j + 680947 = 5*w. Is w composite?
True
Suppose -338*r - 87515 = -343*r. Is r composite?
True
Let h(l) = -3 + 2 + 483*l**2 - 4*l + 0*l + 0 + 3. Let w be (1/(-6))/((-7)/42). Is h(w) prime?
False
Let z = -202 + 222. Suppose -3*h + 2*w = -134, -18 = w - z. Is h a prime number?
False
Suppose 5*h + v - 14 = 0, 6*h - 5*v = 3*h + 14. Suppose -2 = -h*t - c, -t - c - 5 = -3. Is t a prime number?
True
Let l = -3184 + 4728. Let s = 2173 - l. Is s a prime number?
False
Suppose j + 2*g = 34413, 0 = 4*j - 12*g + 7*g - 137704. Is j prime?
True
Let z(b) = 1002*b - 21. Let o be z(2). Let q = 3268 - o. Is q a prime number?
False
Let a = 1283910 + -636609. Is a a composite number?
True
Suppose -5*x - 39146 = -2*d, -8 = -458*x + 460*x. Is d prime?
False
Let f(j) = -j**2 - 21*j - 35. Let l be f(-19). Suppose 4*x = 4*g - 4544, -5*g + 4554 = -4*x - l*g. Let m = x - -2358. Is m a composite number?
False
Suppose 30*x - 50205650 = -245*x. Is x a composite number?
True
Let z(a) = 480 - 2*a + 0*a - a + 2*a. Let i be z(0). Let j = i - -193. Is j composite?
False
Let i(p) = 10295*p**2 - 26*p - 24. Is i(-1) a prime number?
False
Let t be (0 - -1022) + 14 + -30 + 14. Let p = 3625 - t. Is p a prime number?
False
Let r(d) = 266*d**2 + 34*d - 125. Is r(23) prime?
True
Let f(j) = -308*j**3 + 115*j**2 + 64*j + 2. Is f(-9) a prime number?
False
Suppose 10*r - 12*r = -2*g - 38108, -7*r + 133438 = 5*g. Is r prime?
False
Let n be 146/10 + -2 + 12/5. Suppose 12*f = 7*f + n. Suppose -14 = -4*z - 5*o + 129, 0 = 3*o + f. Is z a composite number?
False
Suppose 6*d = -3*n + 1596255, -30*d + 5*n = -32*d + 532081. Is d a prime number?
False
Let n(j) = 12*j + 5. Suppose 5*f - 11 = f + 3*w, -4*w - 14 = -5*f. Let q = 2 + f. Is n(q) a composite number?
False
Suppose 451*b - 209*b - 224*b = 3690990. Is b composite?
True
Let i be (-19)/((-4)/((-8)/(-1))) - -1. Let p(u) = -i + 25 + u + 68. Is p(-17) prime?
True
Is ((-2777923)/74)/(1/(-2) + 10 + -10) composite?
False
Let t be 2707 + (-4 - 8)*2/6. Suppose t + 2817 = 6*r. Suppose 2*v - 84 - 1755 = y, r = v - y. Is v a composite number?
False
Suppose -168 = 2*x - 176. Is 7152/1 - (3 + (x - 6)) a composite number?
False
Let b(l) = 75*l - 50. Let a = -33 - -45. Let s be b(a). Let v = s - -717. Is v a composite number?
False
Let z = -302 - -270. Is (33016/z)/((-3)/12) a composite number?
False
Let l = -4775 + 28476. Is l composite?
True
Let p = 122700 - 70331. Is p a prime number?
True
Let g be (2/(-1) + (1 - -2))*0. Let c(x) = -x**2 - 2*x + 330. Let i be c(g). Suppose -z + 148 + i = -2*u, -2*u + 956 = 2*z. Is z a prime number?
False
Let x be 9 - -6*8/(-12). Suppose 35 = -5*i + 5*w, -5*w = 2*i + i + x. Is (-6663)/6*(i - -3) a composite number?
False
Suppose -5*l + 3 = 3*n, 5*l + n - 4 - 7 = 0. Is 478 - 2*(27/(-6))/l composite?
True
Let z be 4/10 - 8/(-5). Let o = -1222 + 1225. Suppose -v + z = 0, o*i + 0*v + v - 1169 = 0. Is i a composite number?
False
Suppose 26*r + 33809862 = -0*r + 164*r. Is r a composite number?
True
Is (-25228697)/(-22) + (-434)/(-9548) a composite number?
True
Suppose -33*y + 19*y + 154 = 0. Suppose y*f - 8714 - 2715 = 0. Is f composite?
False
Is ((-8)/(-12)*(-11)/(-22))/(1/9799437) a composite number?
False
Is ((-406)/21)/((-40)/51540) a composite number?
True
Suppose -a + 2*s + 1 = 0, 15*a + 2*s - 3 = 12*a. Let c(r) = 1438*r**3 + r**2 - 3*r + 1. Is c(a) a prime number?
False
Let q(x) = -1526*x + 1. Let j(s) = 23*s + 86. Let i be j(-4). Is q(i) a prime number?
True
Suppose -5*i + 2*b = -2055, -4*b + 1252 = 3*i - 9*b. Suppose 4*f + 5*u - i = -0*u, 4*u = -f + 94. Is f prime?
False
Suppose 3*y + 2*n = -22, -6*y + 5*n = -3*y + 8. Is (22668/30)/(y/(-15)) a prime number?
True
Suppose 0 = 5*p + m - 449844, -5*m = 5*p - 291215 - 158625. Is p composite?
True
Suppose -2*z + 30 = 5*h, -4*z + 14 = 5*h - 26. Suppose -2*k - 7*u = -9*u - 7628, -z*k + 4*u + 19065 = 0. Is k a composite number?
True
Suppose -21*m + 17003 = -233380. Is m prime?
True
Is (-437750)/(-4) - (4/(-46) + (-195)/138) composite?
True
Let h = -119163 - -199550. Is h a composite number?
False
Let s = 21041 + -6274. Is s a prime number?
True
Let x(h) be the second derivative of 40*h + 0 + 7/2*h**2 + 1/6*h**3 + 23/2*h**4. Is x(4) a composite number?
True
Let b = 260815 - 145818. Is b prime?
True
Let t be 9/(6/(-15) + 91/315). Let f = 78 + t. Is f + (4043 - 3/(-12)*-4) a composite number?
True
Let b(n) = 456*n**2 - n - 8. Let c be b(-3). Suppose 2*p - c = 907. Is p composite?
False
Suppose -38701 - 84532 = -11*p. Is p composite?
True
Let s be 60/150 + 38772/(-5). Let r = 14013 + s. Is r composite?
True
Let t = 464199 + -7156. Is t a composite number?
False
Suppose -119*u + 96*u = -7613. Is u a composite number?
False
Let k = 683 - 397. Let n(p) = 77*p - 1. Let u be n(2). Suppose 4*o - 2*d - k = 0, -2*o = -4*d + d - u. Is o prime?
False
Let n be (9/(-6))/(((-4)/(-40))/(-1)). Suppose n = 3*o, 21*t - 6783 = 20*t + 4*o. Is t composite?
False
Let r be 6*(-3 - (-1)/((-6)/(-21))). Let p be r/(((-105)/125)/(-7)). Suppose -1736 = -4*s + 4*w, 0*w + p = 5*w. Is s a composite number?
False
Let g be (-1389 - 1) + (-5 - 0). Let i = g - -1968. Is i prime?
False
Let l = 77 - 75. Suppose a + l*a - 4*r = 1192, 2*r = -4*a + 1582. Suppose -3*o + 222 + a = 3*s, -211 = -o - 2*s. Is o prime?
False
Suppose -5*m - 1111 = -0*m + 4*p, 221 = -m - 2*p. Let w = 132 - 281. Let n = w - m. Is n a composite number?
True
Let w(t) = -6*t + 11. Let p be w(-9). Suppose -4585 = -8*v - p. Is v prime?
False
Suppose -525782 = -3*w + p, 4*w - 1022446 = 4*p - 321406. Is w a prime number?
True
Is -7*(42/(-24) + (-3419481)/52) composite?
True
Suppose x - 76696 = -3*x. Is x/(17/((-34)/(-4))) a composite number?
False
Let y be 35/(-28)*((-4)/4 + -3). Let u(c) = 783*c - 74. Is u(y) a prime number?
False
Let v be 8 + 4/(-8)*6. Suppose 0 = -v*u - 2*f + 7759 - 1552, -5*f - 1236 = -u. Is u prime?
False
Suppose 31*s = -20847 + 36998. Is s prime?
True
Let g(h) = 433*h**2 + 55*h + 27. Is g(-8) a composite number?
False
Suppose -9388 + 26983 = 5*m. Suppose 4*a + 5091 = 3*l, 2*l = a + m - 130. Is l composite?
False
I